ds digit of 458985505?
8
What is the hundreds digit of 90353153?
1
What is the millions digit of 88160998?
8
What is the ten thousands digit of 2958197646?
9
What is the hundreds digit of 2489523107?
1
What is the ten thousands digit of 55567253?
6
What is the hundreds digit of 44824898?
8
What is the hundreds digit of 92776289?
2
What is the hundred thousands digit of 54355782?
3
What is the ten millions digit of 183942926?
8
What is the tens digit of 56577952?
5
What is the thousands digit of 181856503?
6
What is the hundreds digit of 1199685264?
2
What is the ten thousands digit of 88152356?
5
What is the units digit of 50648349?
9
What is the ten thousands digit of 66683031?
8
What is the tens digit of 2962061?
6
What is the hundreds digit of 2523603260?
2
What is the tens digit of 9981388?
8
What is the hundred millions digit of 2254378027?
2
What is the ten thousands digit of 1702020066?
2
What is the ten millions digit of 1470606133?
7
What is the units digit of 3389463993?
3
What is the hundreds digit of 604187961?
9
What is the millions digit of 15020723?
5
What is the hundreds digit of 48658531?
5
What is the ten thousands digit of 106906487?
0
What is the ten thousands digit of 1255200385?
0
What is the millions digit of 105332920?
5
What is the ten thousands digit of 202886319?
8
What is the ten millions digit of 42204460?
4
What is the hundreds digit of 23338611?
6
What is the hundreds digit of 272424818?
8
What is the ten thousands digit of 306358545?
5
What is the hundreds digit of 488363669?
6
What is the hundred thousands digit of 17534486?
5
What is the thousands digit of 1561418?
1
What is the millions digit of 17107022?
7
What is the ten thousands digit of 3784234399?
3
What is the hundred millions digit of 513878868?
5
What is the tens digit of 66575230?
3
What is the ten thousands digit of 29109521?
0
What is the millions digit of 25196118?
5
What is the ten thousands digit of 5041041?
4
What is the ten millions digit of 382271862?
8
What is the hundreds digit of 43605029?
0
What is the ten thousands digit of 205395477?
9
What is the ten thousands digit of 691516266?
1
What is the tens digit of 324189983?
8
What is the tens digit of 622968027?
2
What is the millions digit of 43979069?
3
What is the units digit of 84621511?
1
What is the hundreds digit of 1909421570?
5
What is the units digit of 6518242575?
5
What is the ten millions digit of 565052003?
6
What is the thousands digit of 21005159?
5
What is the hundred thousands digit of 14767480?
7
What is the ten thousands digit of 5350625118?
2
What is the thousands digit of 69721290?
1
What is the hundred millions digit of 349333553?
3
What is the hundreds digit of 1966030241?
2
What is the millions digit of 18377248?
8
What is the tens digit of 2121748193?
9
What is the ten thousands digit of 533841132?
4
What is the millions digit of 2281787730?
1
What is the units digit of 1176022871?
1
What is the ten thousands digit of 3105648020?
4
What is the ten thousands digit of 131268334?
6
What is the hundreds digit of 60953780?
7
What is the millions digit of 953560303?
3
What is the units digit of 45064509?
9
What is the hundred millions digit of 1131652353?
1
What is the units digit of 177073138?
8
What is the hundreds digit of 146317491?
4
What is the hundred millions digit of 667548697?
6
What is the millions digit of 758468903?
8
What is the tens digit of 4205778376?
7
What is the ten millions digit of 3444209648?
4
What is the hundreds digit of 812400776?
7
What is the units digit of 7222100948?
8
What is the millions digit of 2065757950?
5
What is the tens digit of 22609013?
1
What is the tens digit of 434885211?
1
What is the hundred thousands digit of 600818109?
8
What is the millions digit of 249360166?
9
What is the hundred thousands digit of 357462386?
4
What is the hundreds digit of 3334602613?
6
What is the thousands digit of 98835543?
5
What is the tens digit of 118188352?
5
What is the units digit of 30865055?
5
What is the ten thousands digit of 27635342?
3
What is the ten thousands digit of 377062535?
6
What is the billions digit of 3549390537?
3
What is the units digit of 108425896?
6
What is the ten thousands digit of 5948098168?
9
What is the ten millions digit of 1743267739?
4
What is the ten millions digit of 55944637?
5
What is the hundred thousands digit of 170462985?
4
What is the ten millions digit of 670191826?
7
What is the tens digit of 20569375?
7
What is the ten thousands digit of 279012676?
1
What is the hundreds digit of 18746970?
9
What is the millions digit of 734283813?
4
What is the thousands digit of 1993819416?
9
What is the ten millions digit of 273416599?
7
What is the hundred millions digit of 633445779?
6
What is the hundred millions digit of 7607709099?
6
What is the ten thousands digit of 3045237451?
3
What is the hundred thousands digit of 676076646?
0
What is the ten millions digit of 14467156?
1
What is the hundreds digit of 758998?
9
What is the units digit of 774016197?
7
What is the thousands digit of 46167834?
7
What is the hundreds digit of 1411759986?
9
What is the hundreds digit of 448033332?
3
What is the thousands digit of 648776416?
6
What is the hundred thousands digit of 70969244?
9
What is the ten thousands digit of 49159830?
5
What is the hundred thousands digit of 120672370?
6
What is the units digit of 1008490040?
0
What is the thousands digit of 1971932957?
2
What is the hundred millions digit of 833298760?
8
What is the ten thousands digit of 306014055?
1
What is the units digit of 46735514?
4
What is the thousands digit of 941796863?
6
What is the ten thousands digit of 2383150344?
5
What is the hundreds digit of 65350512?
5
What is the hundred thousands digit of 549593394?
5
What is the millions digit of 72732524?
2
What is the ten millions digit of 168081431?
6
What is the thousands digit of 559157639?
7
What is the millions digit of 2246295196?
6
What is the hundreds digit of 1395125689?
6
What is the millions digit of 249081055?
9
What is the hundred thousands digit of 1217269086?
2
What is the ten thousands digit of 86970841?
7
What is the tens digit of 1787146215?
1
What is the hundreds digit of 396135547?
5
What is the tens digit of 6193752299?
9
What is the ten thousands digit of 4221534726?
3
What is the ten thousands digit of 2177034177?
3
What is the hundred millions digit of 4386730481?
3
What is the hundred millions digit of 340116824?
3
What is the tens digit of 143562937?
3
What is the hundreds digit of 650795450?
4
What is the units digit of 3182791142?
2
What is the units digit of 87767713?
3
What is the ten thousands digit of 3036252792?
5
What is the hundreds digit of 50580131?
1
What is the millions digit of 1479752854?
9
What is the tens digit of 227151276?
7
What is the ten millions digit of 857672563?
5
What is the ten thousands digit of 80225948?
2
What is the billions digit of 1257460101?
1
What is the millions digit of 1231287229?
1
What is the tens digit of 96738291?
9
What is the thousands digit of 77932091?
2
What is the hundreds digit of 920137380?
3
What is the ten millions digit of 39837990?
3
What is the billions digit of 1408898303?
1
What is the units digit of 208214971?
1
What is the hundreds digit of 13467043?
0
What is the hundreds digit of 2056070336?
3
What is the thousands digit of 51925467?
5
What is the thousands digit of 1507958468?
8
What is the tens digit of 44592482?
8
What is the thousands digit of 41732396?
2
What is the ten millions digit of 605959807?
0
What is the hundred millions digit of 189945298?
1
What is the millions digit of 635338646?
5
What is the ten millions digit of 128852208?
2
What is the thousands digit of 33434033?
4
What is the hundred thousands digit of 22860611?
8
What is the ten millions digit of 796421437?
9
What is the ten thousands digit of 149019735?
1
What is the hundred millions digit of 137850387?
1
What is the hundred thousands digit of 5114788267?
7
What is the hundred millions digit of 237236534?
2
What is the ten thousands digit of 136793939?
9
What is the ten millions digit of 2148762944?
4
What is the tens digit of 283617212?
1
What is the millions digit of 79119252?
9
What is the thousands digit of 64380569?
0
What is 